{"id":606,"date":"2025-10-24T21:25:31","date_gmt":"2025-10-24T21:25:31","guid":{"rendered":"https:\/\/dohany-zsinagoga.hu\/?page_id=606"},"modified":"2025-11-02T17:54:10","modified_gmt":"2025-11-02T17:54:10","slug":"hirlevel-feliratkozas","status":"publish","type":"page","link":"https:\/\/dohany-zsinagoga.hu\/?page_id=606","title":{"rendered":"H\u00edrlev\u00e9l feliratkoz\u00e1s"},"content":{"rendered":"\t\t<div data-elementor-type=\"wp-page\" data-elementor-id=\"606\" class=\"elementor elementor-606\">\n\t\t\t\t<div class=\"elementor-element elementor-element-e7b7ac9 e-con-full e-flex e-con e-parent\" data-id=\"e7b7ac9\" data-element_type=\"container\" data-e-type=\"container\">\n\t\t<div class=\"elementor-element elementor-element-f34721c e-con-full e-flex e-con e-child\" data-id=\"f34721c\" data-element_type=\"container\" data-e-type=\"container\">\n\t\t<div class=\"elementor-element elementor-element-b41dce1 e-con-full e-flex e-con e-child\" data-id=\"b41dce1\" data-element_type=\"container\" data-e-type=\"container\">\n\t\t<div class=\"elementor-element elementor-element-c6f7c5b e-flex e-con-boxed e-con e-child\" data-id=\"c6f7c5b\" data-element_type=\"container\" data-e-type=\"container\">\n\t\t\t\t\t<div class=\"e-con-inner\">\n\t\t<div class=\"elementor-element elementor-element-5a73165 e-con-full e-flex e-con e-child\" data-id=\"5a73165\" data-element_type=\"container\" data-e-type=\"container\">\n\t\t\t\t<div class=\"elementor-element elementor-element-d0d036a elementor-widget elementor-widget-heading\" data-id=\"d0d036a\" data-element_type=\"widget\" data-e-type=\"widget\" data-widget_type=\"heading.default\">\n\t\t\t\t\t<h2 class=\"elementor-heading-title elementor-size-default\">H\u00edrlev\u00e9l feliratkoz\u00e1s<\/h2>\t\t\t\t<\/div>\n\t\t\t\t<\/div>\n\t\t<div class=\"elementor-element elementor-element-3374e1e e-con-full e-flex e-con e-child\" data-id=\"3374e1e\" data-element_type=\"container\" data-e-type=\"container\">\n\t\t\t\t<div class=\"elementor-element elementor-element-365fd2f elementor-widget-divider--separator-type-pattern elementor-widget-divider--view-line elementor-widget elementor-widget-divider\" data-id=\"365fd2f\" data-element_type=\"widget\" data-e-type=\"widget\" data-widget_type=\"divider.default\">\n\t\t\t\t\t\t\t<div class=\"elementor-divider\" style=\"--divider-pattern-url: url(&quot;data:image\/svg+xml,%3Csvg xmlns=&#039;http:\/\/www.w3.org\/2000\/svg&#039; preserveAspectRatio=&#039;none&#039; overflow=&#039;visible&#039; height=&#039;100%&#039; viewBox=&#039;0 0 20 16&#039; fill=&#039;none&#039; stroke=&#039;black&#039; stroke-width=&#039;1.8&#039; stroke-linecap=&#039;square&#039; stroke-miterlimit=&#039;10&#039;%3E%3Cg transform=&#039;translate(-12.000000, 0)&#039;%3E%3Cpath d=&#039;M28,0L10,18&#039;\/%3E%3Cpath d=&#039;M18,0L0,18&#039;\/%3E%3Cpath d=&#039;M48,0L30,18&#039;\/%3E%3Cpath d=&#039;M38,0L20,18&#039;\/%3E%3C\/g%3E%3C\/svg%3E&quot;);\">\n\t\t\t<span class=\"elementor-divider-separator\">\n\t\t\t\t\t\t<\/span>\n\t\t<\/div>\n\t\t\t\t\t\t<\/div>\n\t\t\t\t<\/div>\n\t\t\t\t\t<\/div>\n\t\t\t\t<\/div>\n\t\t\t\t<\/div>\n\t\t<div class=\"elementor-element elementor-element-f660b18 e-con-full e-flex e-con e-child\" data-id=\"f660b18\" data-element_type=\"container\" data-e-type=\"container\">\n\t\t\t\t<div class=\"elementor-element elementor-element-45e71a3 elementor-widget elementor-widget-text-editor\" data-id=\"45e71a3\" data-element_type=\"widget\" data-e-type=\"widget\" data-widget_type=\"text-editor.default\">\n\t\t\t\t\t\t\t\t\t<p class=\"p1\">A Doh\u00e1ny utcai Templomk\u00f6rzet sz\u00e1m\u00e1ra fontos, hogy ne csak a k\u00f6zvetlen k\u00f6z\u00f6ss\u00e9g\u00e9vel, hanem minden \u00e9rdekl\u0151d\u0151vel megossza a legfontosabb tudnival\u00f3kat, gondolatokat \u00e9s \u00f6sszef\u00fcgg\u00e9seket. Ebben seg\u00edt h\u00edrlevel\u00fcnk \u2013 <strong>k\u00f6zvetlen\u00fcl, k\u00e9nyelmesen, els\u0151 k\u00e9zb\u0151l!<\/strong><\/p>\t\t\t\t\t\t\t\t<\/div>\n\t\t\t\t<div class=\"elementor-element elementor-element-bfc11c2 elementor-widget elementor-widget-heading\" data-id=\"bfc11c2\" data-element_type=\"widget\" data-e-type=\"widget\" data-widget_type=\"heading.default\">\n\t\t\t\t\t<h2 class=\"elementor-heading-title elementor-size-default\">Iratkozzon fel a h\u00edrlev\u00e9lre!<\/h2>\t\t\t\t<\/div>\n\t\t<div class=\"elementor-element elementor-element-a6df91e e-con-full e-flex e-con e-child\" data-id=\"a6df91e\" data-element_type=\"container\" data-e-type=\"container\">\n\t\t\t\t<div class=\"elementor-element elementor-element-c9116e7 elementor-widget elementor-widget-shortcode\" data-id=\"c9116e7\" data-element_type=\"widget\" data-e-type=\"widget\" data-widget_type=\"shortcode.default\">\n\t\t\t\t\t\t\t<div class=\"elementor-shortcode\"><script>(function() {\n\twindow.mc4wp = window.mc4wp || {\n\t\tlisteners: [],\n\t\tforms: {\n\t\t\ton: function(evt, cb) {\n\t\t\t\twindow.mc4wp.listeners.push(\n\t\t\t\t\t{\n\t\t\t\t\t\tevent   : evt,\n\t\t\t\t\t\tcallback: cb\n\t\t\t\t\t}\n\t\t\t\t);\n\t\t\t}\n\t\t}\n\t}\n})();\n<\/script><!-- Mailchimp for WordPress v4.11.1 - https:\/\/wordpress.org\/plugins\/mailchimp-for-wp\/ --><form id=\"mc4wp-form-1\" class=\"mc4wp-form mc4wp-form-1788 mc4wp-form-basic\" method=\"post\" data-id=\"1788\" data-name=\"Feliratkoz\u00e1s\" ><div class=\"mc4wp-form-fields\"><div class=\"mailchimp-form\">\r\n<p>\r\n    <label>Email c\u00edm<\/label>\r\n    <input type=\"email\" name=\"EMAIL\" required=\"\">\r\n<\/p>\r\n<p>\r\n    <label>N\u00e9v<\/label>\r\n    <input type=\"text\" name=\"FNAME\" \/>\r\n<\/p>\r\n<p>\r\n\t<input type=\"submit\" value=\"Feliratkozom\">\r\n<\/p><\/div><label style=\"display: none !important;\">Ha \u00d6n ember, hagyja \u00fcresen ezt a mez\u0151t: <input type=\"text\" name=\"_mc4wp_honeypot\" value=\"\" tabindex=\"-1\" autocomplete=\"off\" \/><\/label><input type=\"hidden\" name=\"_mc4wp_timestamp\" value=\"1778839907\" \/><input type=\"hidden\" name=\"_mc4wp_form_id\" value=\"1788\" \/><input type=\"hidden\" name=\"_mc4wp_form_element_id\" value=\"mc4wp-form-1\" \/><div class=\"mc4wp-response\"><\/div><\/form><!-- \/ Mailchimp for WordPress Plugin --><\/div>\n\t\t\t\t\t\t<\/div>\n\t\t\t\t<\/div>\n\t\t\t\t<\/div>\n\t\t\t\t<\/div>\n\t\t\t\t<\/div>\n\t\t\t\t<\/div>\n\t\t","protected":false},"excerpt":{"rendered":"<p>H\u00edrlev\u00e9l feliratkoz\u00e1s A Doh\u00e1ny utcai Templomk\u00f6rzet sz\u00e1m\u00e1ra fontos, hogy ne csak a k\u00f6zvetlen k\u00f6z\u00f6ss\u00e9g\u00e9vel, hanem minden \u00e9rdekl\u0151d\u0151vel megossza a legfontosabb tudnival\u00f3kat, gondolatokat \u00e9s \u00f6sszef\u00fcgg\u00e9seket. Ebben seg\u00edt h\u00edrlevel\u00fcnk \u2013 k\u00f6zvetlen\u00fcl, k\u00e9nyelmesen, els\u0151 k\u00e9zb\u0151l! Iratkozzon fel a h\u00edrlev\u00e9lre!<\/p>\n","protected":false},"author":2,"featured_media":0,"parent":0,"menu_order":0,"comment_status":"closed","ping_status":"closed","template":"","meta":{"footnotes":""},"class_list":["post-606","page","type-page","status-publish","hentry"],"jetpack_sharing_enabled":true,"_links":{"self":[{"href":"https:\/\/dohany-zsinagoga.hu\/index.php?rest_route=\/wp\/v2\/pages\/606","targetHints":{"allow":["GET"]}}],"collection":[{"href":"https:\/\/dohany-zsinagoga.hu\/index.php?rest_route=\/wp\/v2\/pages"}],"about":[{"href":"https:\/\/dohany-zsinagoga.hu\/index.php?rest_route=\/wp\/v2\/types\/page"}],"author":[{"embeddable":true,"href":"https:\/\/dohany-zsinagoga.hu\/index.php?rest_route=\/wp\/v2\/users\/2"}],"replies":[{"embeddable":true,"href":"https:\/\/dohany-zsinagoga.hu\/index.php?rest_route=%2Fwp%2Fv2%2Fcomments&post=606"}],"version-history":[{"count":58,"href":"https:\/\/dohany-zsinagoga.hu\/index.php?rest_route=\/wp\/v2\/pages\/606\/revisions"}],"predecessor-version":[{"id":1815,"href":"https:\/\/dohany-zsinagoga.hu\/index.php?rest_route=\/wp\/v2\/pages\/606\/revisions\/1815"}],"wp:attachment":[{"href":"https:\/\/dohany-zsinagoga.hu\/index.php?rest_route=%2Fwp%2Fv2%2Fmedia&parent=606"}],"curies":[{"name":"wp","href":"https:\/\/api.w.org\/{rel}","templated":true}]}}