{"id":487,"date":"2025-10-24T17:16:24","date_gmt":"2025-10-24T17:16:24","guid":{"rendered":"https:\/\/dohany-zsinagoga.hu\/?page_id=487"},"modified":"2025-10-30T14:34:11","modified_gmt":"2025-10-30T14:34:11","slug":"irjon-nekunk","status":"publish","type":"page","link":"https:\/\/dohany-zsinagoga.hu\/?page_id=487","title":{"rendered":"\u00cdrjon nek\u00fcnk!"},"content":{"rendered":"\t\t<div data-elementor-type=\"wp-page\" data-elementor-id=\"487\" class=\"elementor elementor-487\">\n\t\t\t\t<div class=\"elementor-element elementor-element-abddf37 e-con-full e-flex e-con e-parent\" data-id=\"abddf37\" data-element_type=\"container\" data-e-type=\"container\">\n\t\t<div class=\"elementor-element elementor-element-6ec5682 e-con-full e-flex e-con e-child\" data-id=\"6ec5682\" data-element_type=\"container\" data-e-type=\"container\">\n\t\t<div class=\"elementor-element elementor-element-ef9710c e-con-full e-flex e-con e-child\" data-id=\"ef9710c\" data-element_type=\"container\" data-e-type=\"container\">\n\t\t<div class=\"elementor-element elementor-element-9110762 e-con-full e-flex e-con e-child\" data-id=\"9110762\" data-element_type=\"container\" data-e-type=\"container\">\n\t\t<div class=\"elementor-element elementor-element-3e6b911 e-con-full e-flex e-con e-child\" data-id=\"3e6b911\" data-element_type=\"container\" data-e-type=\"container\">\n\t\t<div class=\"elementor-element elementor-element-3898e92 e-con-full e-flex e-con e-child\" data-id=\"3898e92\" data-element_type=\"container\" data-e-type=\"container\">\n\t\t\t\t<div class=\"elementor-element elementor-element-dd5c2b0 elementor-widget elementor-widget-image\" data-id=\"dd5c2b0\" data-element_type=\"widget\" data-e-type=\"widget\" data-widget_type=\"image.default\">\n\t\t\t\t\t\t\t\t\t\t\t\t\t\t\t<img fetchpriority=\"high\" decoding=\"async\" width=\"800\" height=\"172\" src=\"https:\/\/dohany-zsinagoga.hu\/wp-content\/uploads\/2025\/10\/Kepernyofoto-2025-10-26-19.33.10-1024x220.png\" class=\"attachment-large size-large wp-image-744\" alt=\"\" srcset=\"https:\/\/dohany-zsinagoga.hu\/wp-content\/uploads\/2025\/10\/Kepernyofoto-2025-10-26-19.33.10-1024x220.png 1024w, https:\/\/dohany-zsinagoga.hu\/wp-content\/uploads\/2025\/10\/Kepernyofoto-2025-10-26-19.33.10-300x65.png 300w, https:\/\/dohany-zsinagoga.hu\/wp-content\/uploads\/2025\/10\/Kepernyofoto-2025-10-26-19.33.10-768x165.png 768w, https:\/\/dohany-zsinagoga.hu\/wp-content\/uploads\/2025\/10\/Kepernyofoto-2025-10-26-19.33.10-1536x330.png 1536w, https:\/\/dohany-zsinagoga.hu\/wp-content\/uploads\/2025\/10\/Kepernyofoto-2025-10-26-19.33.10.png 1794w\" sizes=\"(max-width: 800px) 100vw, 800px\" \/>\t\t\t\t\t\t\t\t\t\t\t\t\t\t\t<\/div>\n\t\t\t\t<\/div>\n\t\t\t\t<\/div>\n\t\t\t\t<\/div>\n\t\t<div class=\"elementor-element elementor-element-439824b e-con-full e-flex e-con e-child\" data-id=\"439824b\" data-element_type=\"container\" data-e-type=\"container\">\n\t\t\t\t<div class=\"elementor-element elementor-element-3bbd1cd elementor-widget elementor-widget-text-editor\" data-id=\"3bbd1cd\" data-element_type=\"widget\" data-e-type=\"widget\" data-widget_type=\"text-editor.default\">\n\t\t\t\t\t\t\t\t\t<p class=\"p1\">Ak\u00e1r k\u00e9rd\u00e9se van, ak\u00e1r visszajelz\u00e9st szeretne adni, esetleg csak megosztana vel\u00fcnk egy gondolatot, j\u00f3 helyen j\u00e1r. A Doh\u00e1ny utcai Templomk\u00f6rzet nyitott \u00e9s figyelmes k\u00f6z\u00f6ss\u00e9g: minden \u00fczenetet \u00f6r\u00f6mmel fogadunk. \u00cdrhat nek\u00fcnk vall\u00e1si, k\u00f6z\u00f6ss\u00e9gi vagy szervez\u00e9si t\u00e9m\u00e1ban is. Seg\u00edt\u00fcnk, v\u00e1laszolunk.<\/p><p class=\"p1\">Lehet, hogy \u00e9pp az \u00d6n k\u00e9rd\u00e9se ind\u00edt el egy \u00faj besz\u00e9lget\u00e9st vagy k\u00f6z\u00f6s gondolkod\u00e1st! K\u00e9rj\u00fck, t\u00f6ltse ki az al\u00e1bbi \u0171rlapot, \u00e9s munkat\u00e1rsaink hamarosan visszajelz\u00e9st k\u00fcldenek.<\/p><p class=\"p1\">Mi itt a Doh\u00e1ny Templomk\u00f6rzetben hissz\u00fck, hogy a p\u00e1rbesz\u00e9d az, ami igaz\u00e1n \u00e9l\u0151v\u00e9 teszi a k\u00f6z\u00f6ss\u00e9get.<\/p><p class=\"p1\"><strong>V\u00e1rjuk szeretettel megkeres\u00e9s\u00e9t!<\/strong><\/p>\t\t\t\t\t\t\t\t<\/div>\n\t\t\t\t<\/div>\n\t\t\t\t<\/div>\n\t\t\t\t<\/div>\n\t\t<div class=\"elementor-element elementor-element-dd449a3 e-con-full e-flex e-con e-child\" data-id=\"dd449a3\" data-element_type=\"container\" data-e-type=\"container\">\n\t\t\t\t<div class=\"elementor-element elementor-element-247a1cb elementor-widget elementor-widget-heading\" data-id=\"247a1cb\" data-element_type=\"widget\" data-e-type=\"widget\" data-widget_type=\"heading.default\">\n\t\t\t\t\t<h2 class=\"elementor-heading-title elementor-size-default\">Vegye fel vel\u00fcnk a kapcsolatot<\/h2>\t\t\t\t<\/div>\n\t\t<div class=\"elementor-element elementor-element-b411e18 e-con-full e-flex e-con e-child\" data-id=\"b411e18\" data-element_type=\"container\" data-e-type=\"container\">\n\t\t\t\t<div class=\"elementor-element elementor-element-875d199 elementor-widget elementor-widget-wpforms\" data-id=\"875d199\" data-element_type=\"widget\" data-e-type=\"widget\" data-widget_type=\"wpforms.default\">\n\t\t\t\t<div class=\"elementor-widget-container\">\n\t\t\t\t\t<style id=\"wpforms-css-vars-elementor-widget-875d199\">\n\t\t\t\t.elementor-widget-wpforms.elementor-element-875d199 {\n\t\t\t\t--wpforms-field-border-style: none;\n--wpforms-field-background-color: #F1F1F1;\n--wpforms-field-border-color: #cccccc;\n--wpforms-field-border-color-spare: #cccccc;\n--wpforms-field-text-color: #444444;\n--wpforms-label-color: #262626;\n--wpforms-label-sublabel-color: #7f7f7f;\n--wpforms-label-error-color: #ff0000;\n--wpforms-button-border-style: solid;\n--wpforms-button-background-color: #FFFFFF;\n--wpforms-button-border-color: #000000;\n--wpforms-button-text-color: #000000;\n--wpforms-page-break-color: #FFFFFF;\n--wpforms-field-border-size: 0px;\n--wpforms-field-size-input-height: 31px;\n--wpforms-field-size-input-spacing: 10px;\n--wpforms-field-size-font-size: 14px;\n--wpforms-field-size-line-height: 17px;\n--wpforms-field-size-padding-h: 9px;\n--wpforms-field-size-checkbox-size: 14px;\n--wpforms-field-size-sublabel-spacing: 5px;\n--wpforms-field-size-icon-size: 0.75;\n--wpforms-label-size-font-size: 14px;\n--wpforms-label-size-line-height: 17px;\n--wpforms-label-size-sublabel-font-size: 13px;\n--wpforms-label-size-sublabel-line-height: 16px;\n--wpforms-button-size-font-size: 14px;\n--wpforms-button-size-height: 37px;\n--wpforms-button-size-padding-h: 15px;\n--wpforms-button-size-margin-top: 5px;\n\t\t\t}\n\t\t\t<\/style><div class=\"wpforms-container wpforms-container-full wpforms-render-modern\" id=\"wpforms-761\"><form id=\"wpforms-form-761\" class=\"wpforms-validate wpforms-form wpforms-ajax-form\" data-formid=\"761\" method=\"post\" enctype=\"multipart\/form-data\" action=\"\/index.php?rest_route=%2Fwp%2Fv2%2Fpages%2F487\" data-token=\"1c7e7055f71b57b20407a1a997d5d93a\" data-token-time=\"1778839884\"><noscript class=\"wpforms-error-noscript\">Please enable JavaScript in your browser to complete this form.<\/noscript><div id=\"wpforms-error-noscript\" style=\"display: none;\">Please enable JavaScript in your browser to complete this form.<\/div><div class=\"wpforms-field-container\"><div id=\"wpforms-761-field_1-container\" class=\"wpforms-field wpforms-field-name\" data-field-id=\"1\"><label class=\"wpforms-field-label\" for=\"wpforms-761-field_1\">N\u00e9v <span class=\"wpforms-required-label\" aria-hidden=\"true\">*<\/span><\/label><input type=\"text\" id=\"wpforms-761-field_1\" class=\"wpforms-field-medium wpforms-field-required\" name=\"wpforms[fields][1]\" aria-errormessage=\"wpforms-761-field_1-error\" required><\/div><div id=\"wpforms-761-field_2-container\" class=\"wpforms-field wpforms-field-email\" data-field-id=\"2\"><label class=\"wpforms-field-label\" for=\"wpforms-761-field_2\">Email c\u00edm <span class=\"wpforms-required-label\" aria-hidden=\"true\">*<\/span><\/label><input type=\"email\" id=\"wpforms-761-field_2\" class=\"wpforms-field-medium wpforms-field-required\" name=\"wpforms[fields][2]\" spellcheck=\"false\" aria-errormessage=\"wpforms-761-field_2-error\" required><\/div>\t\t<div id=\"wpforms-761-field_4-container\"\n\t\t\tclass=\"wpforms-field wpforms-field-text\"\n\t\t\tdata-field-type=\"text\"\n\t\t\tdata-field-id=\"4\"\n\t\t\t>\n\t\t\t<label class=\"wpforms-field-label\" for=\"wpforms-761-field_4\" >Telefonsz\u00e1m T\u00e9ma c\u00edm<\/label>\n\t\t\t<input type=\"text\" id=\"wpforms-761-field_4\" class=\"wpforms-field-medium\" name=\"wpforms[fields][4]\" >\n\t\t<\/div>\n\t\t<div id=\"wpforms-761-field_6-container\" class=\"wpforms-field wpforms-field-text\" data-field-id=\"6\"><label class=\"wpforms-field-label\" for=\"wpforms-761-field_6\">Telefonsz\u00e1m<\/label><input type=\"text\" id=\"wpforms-761-field_6\" class=\"wpforms-field-medium\" name=\"wpforms[fields][6]\" aria-errormessage=\"wpforms-761-field_6-error\" ><\/div><div id=\"wpforms-761-field_5-container\" class=\"wpforms-field wpforms-field-text\" data-field-id=\"5\"><label class=\"wpforms-field-label\" for=\"wpforms-761-field_5\">T\u00e9ma<\/label><input type=\"text\" id=\"wpforms-761-field_5\" class=\"wpforms-field-medium\" name=\"wpforms[fields][5]\" aria-errormessage=\"wpforms-761-field_5-error\" ><\/div><div id=\"wpforms-761-field_3-container\" class=\"wpforms-field wpforms-field-textarea\" data-field-id=\"3\"><label class=\"wpforms-field-label\" for=\"wpforms-761-field_3\">\u00dczenet<\/label><textarea id=\"wpforms-761-field_3\" class=\"wpforms-field-medium\" name=\"wpforms[fields][3]\" aria-errormessage=\"wpforms-761-field_3-error\" ><\/textarea><\/div><script>\n\t\t\t\t( function() {\n\t\t\t\t\tconst style = document.createElement( 'style' );\n\t\t\t\t\tstyle.appendChild( document.createTextNode( '#wpforms-761-field_4-container { position: absolute !important; overflow: hidden !important; display: inline !important; height: 1px !important; width: 1px !important; z-index: -1000 !important; padding: 0 !important; } #wpforms-761-field_4-container input { visibility: hidden; } #wpforms-conversational-form-page #wpforms-761-field_4-container label { counter-increment: none; }' ) );\n\t\t\t\t\tdocument.head.appendChild( style );\n\t\t\t\t\tdocument.currentScript?.remove();\n\t\t\t\t} )();\n\t\t\t<\/script><\/div><!-- .wpforms-field-container --><div class=\"wpforms-submit-container\" ><input type=\"hidden\" name=\"wpforms[id]\" value=\"761\"><input type=\"hidden\" name=\"page_title\" value=\"\"><input type=\"hidden\" name=\"page_url\" value=\"https:\/\/dohany-zsinagoga.hu\/index.php?rest_route=\/wp\/v2\/pages\/487\"><input type=\"hidden\" name=\"url_referer\" value=\"\"><button type=\"submit\" name=\"wpforms[submit]\" id=\"wpforms-submit-761\" class=\"wpforms-submit\" data-alt-text=\"K\u00fcld\u00e9s...\" data-submit-text=\"K\u00fcld\u00e9s\" aria-live=\"assertive\" value=\"wpforms-submit\">K\u00fcld\u00e9s<\/button><img decoding=\"async\" src=\"https:\/\/dohany-zsinagoga.hu\/wp-content\/plugins\/wpforms-lite\/assets\/images\/submit-spin.svg\" class=\"wpforms-submit-spinner\" style=\"display: none;\" width=\"26\" height=\"26\" alt=\"Loading\"><\/div><\/form><\/div>  <!-- .wpforms-container -->\t\t\t\t<\/div>\n\t\t\t\t<\/div>\n\t\t\t\t<\/div>\n\t\t\t\t<\/div>\n\t\t\t\t<\/div>\n\t\t\t\t<\/div>\n\t\t","protected":false},"excerpt":{"rendered":"<p>Ak\u00e1r k\u00e9rd\u00e9se van, ak\u00e1r visszajelz\u00e9st szeretne adni, esetleg csak megosztana vel\u00fcnk egy gondolatot, j\u00f3 helyen j\u00e1r. A Doh\u00e1ny utcai Templomk\u00f6rzet nyitott \u00e9s figyelmes k\u00f6z\u00f6ss\u00e9g: minden \u00fczenetet \u00f6r\u00f6mmel fogadunk. \u00cdrhat nek\u00fcnk vall\u00e1si, k\u00f6z\u00f6ss\u00e9gi vagy szervez\u00e9si t\u00e9m\u00e1ban is. Seg\u00edt\u00fcnk, v\u00e1laszolunk. Lehet, hogy \u00e9pp az \u00d6n k\u00e9rd\u00e9se ind\u00edt el egy \u00faj besz\u00e9lget\u00e9st vagy k\u00f6z\u00f6s gondolkod\u00e1st! K\u00e9rj\u00fck, t\u00f6ltse ki [&hellip;]<\/p>\n","protected":false},"author":2,"featured_media":0,"parent":0,"menu_order":0,"comment_status":"closed","ping_status":"closed","template":"","meta":{"footnotes":""},"class_list":["post-487","page","type-page","status-publish","hentry"],"jetpack_sharing_enabled":true,"_links":{"self":[{"href":"https:\/\/dohany-zsinagoga.hu\/index.php?rest_route=\/wp\/v2\/pages\/487","targetHints":{"allow":["GET"]}}],"collection":[{"href":"https:\/\/dohany-zsinagoga.hu\/index.php?rest_route=\/wp\/v2\/pages"}],"about":[{"href":"https:\/\/dohany-zsinagoga.hu\/index.php?rest_route=\/wp\/v2\/types\/page"}],"author":[{"embeddable":true,"href":"https:\/\/dohany-zsinagoga.hu\/index.php?rest_route=\/wp\/v2\/users\/2"}],"replies":[{"embeddable":true,"href":"https:\/\/dohany-zsinagoga.hu\/index.php?rest_route=%2Fwp%2Fv2%2Fcomments&post=487"}],"version-history":[{"count":50,"href":"https:\/\/dohany-zsinagoga.hu\/index.php?rest_route=\/wp\/v2\/pages\/487\/revisions"}],"predecessor-version":[{"id":1286,"href":"https:\/\/dohany-zsinagoga.hu\/index.php?rest_route=\/wp\/v2\/pages\/487\/revisions\/1286"}],"wp:attachment":[{"href":"https:\/\/dohany-zsinagoga.hu\/index.php?rest_route=%2Fwp%2Fv2%2Fmedia&parent=487"}],"curies":[{"name":"wp","href":"https:\/\/api.w.org\/{rel}","templated":true}]}}